84. Let c(t) = -t - 6. Let p be c(-6). Suppose -4*g + k - 24 = p. List the prime factors of g.
3, 7
Suppose 35 = 3*z - 94. List the prime factors of z.
43
Suppose -3*x = 7 - 4. List the prime factors of (-6 + (1 - -1))/x.
2
Suppose 0 = 4*r - 2*u + 32, -4*r + 7*u - 3*u - 36 = 0. List the prime factors of ((-23)/(-1))/(r/(-7)).
23
Let d(t) = t**2 - 9*t + 3. Let n be d(9). Suppose h = -2*h - n. Let f(l) = -20*l. What are the prime factors of f(h)?
2, 5
Suppose 0*u - 6 = 3*u. What are the prime factors of 5*u/(-10)*7?
7
Let j(b) = 3*b**3 - 7*b**2 + 5*b - 5. List the prime factors of j(5).
2, 5, 11
Let q = 1 - -3. Suppose z = 5*d - 3*d + 6, 4*z - 8 = q*d. What are the prime factors of 2 + (-2 - -1 - z)?
3
Let l = -7 - -16. Suppose 3*k + l = 3*p, -7 = -p - 0*k - k. Suppose q = p + 5. What are the prime factors of q?
2, 5
Let r(c) = -c**2 - c + 11. Let b be r(-6). Let q = 35 + b. What are the prime factors of q?
2
Let c = 11 + -8. Suppose f - 140 = -c*f. List the prime factors of f.
5, 7
Let a(n) = 8*n**3. Let t be a(1). Suppose 12 = -r + 2*q, -4*q = 5*r + q. Let y = t + r. What are the prime factors of y?
2
Let n(y) be the second derivative of y**4/12 + y**3/6 + 3*y**2/2 + y. Let c be n(0). What are the prime factors of 14/2*(4 - c)?
7
Suppose 2*h = 4*h + r - 9, 17 = 4*h + r. Suppose 16 = h*j - 0*j + f, 2*f + 4 = 4*j. List the prime factors of 2/(-6) - (-28)/j.
3
Suppose 0 = 5*r - 5*i - 10, -2*i - 4 + 0 = r. Suppose r = d + 3*d - 64. List the prime factors of d.
2
Let y(o) = -o**2 - 8*o - 8. Let q be y(-6). Let g = 0 + q. What are the prime factors of g?
2
Let q be (-3)/(-9)*(46 - -2). What are the prime factors of (-12)/q - 43/(-4)?
2, 5
Let x(q) = 92*q**2 + q + 3. List the prime factors of x(-1).
2, 47
Suppose -10 - 216 = -2*i. What are the prime factors of 2/5 + i/5?
23
Let i(h) = 4*h + 5. Suppose -n + 6 = 2. Let k be i(n). Let b = k + -13. List the prime factors of b.
2
Let i(f) = -3*f + 8. Let b be i(8). List the prime factors of ((-105)/(-20))/((-6)/b).
2, 7
Let o be (-2)/(-3 + (-55)/(-19)). Suppose -2*q = 7 + 11. Let h = q + o. What are the prime factors of h?
2, 5
Let v(m) = m**3 + 5*m**2 + 3*m - 3. Let y be v(-4). Suppose -n + 3*u = y, 4*n = -2*u + u + 35. List the prime factors of n.
2
Suppose -2*w - 53 = 1. Suppose 2*a + 23 + 15 = 0. Let t = a - w. List the prime factors of t.
2
Let k(g) = g**2 + 8*g + 10. Let s be k(-7). Suppose 5 = s*f - 19. List the prime factors of f.
2
Suppose -3*g + 29 = -3*q + 5*q, -3*q = -3*g - 51. Suppose -3*c + q = -c. List the prime factors of c.
2
Suppose 2*t = -0 - 10. Let l(z) = -2*z - 4. Let h be l(t). Suppose -h + 27 = 3*a. List the prime factors of a.
7
Let h(z) = 2*z**2 + 15*z - 1. What are the prime factors of h(-10)?
7
Suppose 2*a + x = 6, a - 7 = -2*a - 2*x. Let o(z) = -z**2 + 7*z. Let b be o(a). Suppose 5*r + 3*k + 11 - 30 = 0, r + b = 4*k. List the prime factors of r.
2
Suppose -2*n + 3*r + 14 = -r, -r = -5*n + 35. Let c = n + -5. Suppose 3*l - 3*y + 5 = 32, y = c*l - 21. List the prime factors of l.
2, 3
Let x(y) = -y**2 + 8*y + 4. Let v be x(8). Suppose v*q - 36 = 40. What are the prime factors of q?
19
Let v = -28 - -51. What are the prime factors of v?
23
Let i(u) = -u**3 - 6*u**2 + 7*u + 5. Let y be i(-7). Suppose 4*b - 52 = -2*w, -y*b + w - 6*w = -60. List the prime factors of b.
2, 7
Suppose 0 = 6*r + 2*r - 16. List the prime factors of r.
2
What are the prime factors of (-11 - -7) + 2*107?
2, 3, 5, 7
Let d = -13 + 24. What are the prime factors of d?
11
Let g(w) = w**2 + 5*w. Let o be g(-6). Let a = o - -9. List the prime factors of (12/a)/((-6)/(-15)).
2
Suppose -41*d + 43*d - 240 = 0. List the prime factors of d.
2, 3, 5
Let x = 17 + -12. Suppose 2*h - x*a - 29 = 0, 47 = 2*h + 3*a - 2*a. List the prime factors of h.
2, 11
Let d = -14 + 20. Suppose 3*k = -s + 26, -d*s + 15 = -3*s. What are the prime factors of k?
7
Let h be 3/(1/(10/6)). List the prime factors of 47/5 + (-2)/h.
3
Let u = -8 + 4. Let i(l) = -l**2 - 6*l - 6. What are the prime factors of i(u)?
2
Let u(d) = -23*d**3 + 3*d + 2. Let g be (2/(-6))/((-3)/(-9)). What are the prime factors of u(g)?
2, 11
Suppose 2*m + 248 + 101 = 3*z, z + 3*m - 98 = 0. List the prime factors of z.
113
Let f be (-10)/15 + (-14)/(-3). Suppose 2*r + 40 = -5*t, -3*t = -5*t + f*r - 16. List the prime factors of (3/(-3) + t)*-1.
3
Suppose 2*i + 1 = -3*u, 2*i + 2*u = 6*u + 20. Suppose -z + 21 = h, -i*h + z - 97 = -9*h. List the prime factors of h.
19
Let w(t) = -t**3 + 10*t**2 - 3*t. What are the prime factors of w(7)?
2, 3, 7
Let z = 23 + -5. List the prime factors of z.
2, 3
Let h(d) = -d - 2. Let x be h(-1). Let c(z) = -z**3 - 2*z - 1. Let r be c(x). Suppose -2*f - r*f + 24 = 0. List the prime factors of f.
2, 3
Let g(z) = z + 9. Suppose 0 = -4*r - 4*l - 32, 4 = -r - 4*l - 1. Let k be g(r). Suppose k = -a - 5*q - 0 + 6, 4*q = -3*a + 18. What are the prime factors of a?
2, 3
Let v be 19/3*(-4 + 1). Let t = -11 - v. What are the prime factors of t?
2
Let u = 107 + -96. What are the prime factors of u?
11
Suppose 0*l - 610 = -5*s - 2*l, 5*s - l = 595. What are the prime factors of s?
2, 3, 5
Suppose -5*i + 20 = -5*d, 4*i - 24 + 1 = -3*d. Suppose 26 = 2*n - i*s, 0*n = -n - 5*s + 28. List the prime factors of n.
2, 3
Let v(c) = -c**3 + 4*c**2 - 2*c + 1. Let x(d) = d + 1. Let f be x(2). Suppose -l = 2*j, -j - 21 + f = 5*l. What are the prime factors of v(j)?
5
Let b(y) = 20*y - 26. What are the prime factors of b(7)?
2, 3, 19
Let y = 13 + -8. Suppose y*s + 0*a = a, 14 = 4*s + 2*a. Let b(o) = 3*o**2. List the prime factors of b(s).
3
Let l = -86 - -173. List the prime factors of l.
3, 29
Let k(l) = -l**2 - 5*l + 4. Let g be k(-5). Suppose -2*z - 5*v = 3*z - 10, -g*z + 36 = -3*v. Let a = z + -4. List the prime factors of a.
2
Let c(m) = -m**3 - 10*m**2 + 12*m + 16. Let d be c(-11). Let h(i) = 8*i - 8. What are the prime factors of h(d)?
2
Suppose 0 = -4*g + 3*g + 3. List the prime factors of 1 - (g + -2 - 20).
2, 5
Let f(i) = i**3 - 6*i**2 - 3*i - 3. Let n be f(5). Let g = n + 81. What are the prime factors of g?
2, 19
Let t = 9 + -5. Suppose -v = t*v - 25. Suppose v*y = 78 - 18. List the prime factors of y.
2, 3
Let b(w) = w**2 + 11*w + 5. Let l be b(-10). Let q = 11 + l. What are the prime factors of q?
2, 3
Let w = -2 + 2. Let g(s) = -s**2 + s + 4. Let y be g(w). Suppose 0 = x + y*x - 55. List the prime factors of x.
11
Let q be 3/(-4) - (-70)/8. Suppose 3*w = 2*y + 6, q = 5*y - w + 5*w. List the prime factors of 2 - (y + 2)*-4.
2, 5
Let d = 818 - 509. What are the prime factors of d?
3, 103
Let f be 57/(-21) - (-2)/(-7). Let r = 3 - f. List the prime factors of r.
2, 3
List the prime factors of (-2)/5 + 784/35.
2, 11
Let p be (-4)/14 - (-23)/7. Suppose -2*q - 3*f + 7 = 0, p*q - 43 = -f + 3*f. List the prime factors of q.
11
Let u(i) = 9 + 0*i**2 - 10*i - i**2 + 3*i**2. Let h be u(6). Suppose -11 - h = -4*z. What are the prime factors of z?
2
Suppose 4*y = 6*v - v - 417, -3*y - 9 = 0. What are the prime factors of v?
3
Suppose 13*b - 15*b = -184. What are the prime factors of (-2)/(b/(-45) - -2)?
3, 5
Let d be (0 - (-1 + 1)) + 9. Let m(h) = h**2 - 7*h - 7. What are the prime factors of m(d)?
11
Let h(n) = n**3 - n + 6. Let j(c) = -1. Suppose -9 = -2*u - s, -3*u + 3*s = -2*u + 13. Let g(y) = u*j(y) + h(y). List the prime factors of g(0).
2
Let u(i) = -i**2 - 4*i. Let z be u(-4). Suppose 3*a + 2*y - 82 = z, 2*y = 2*a - y - 46. List the prime factors of a.
2, 13
List the prime factors of (-3 + 6)*(-2 + 25).
3, 23
Let f be (-3)/2*8/(-3). Suppose -f*j = -5*j + 32. Let m = j + -20. List the prime factors of m.
2, 3
Let k be 2/(((-2)/(-7))/1). Let d be (1 - k)*(-2)/4. Suppose d*a = 30 + 3. List the prime factors of a.
11
Suppose 6*a = 2*a + 52. What are the prime factors of a?
13
Let g(h) = 2*h - 4*h + 3*h + 15. Let d be (2 + 2)/(1/(-2)). List the prime factors of g(d).
7
Suppose 3*f + 2*x = 97, f + 4*x = -f + 54. What are the prime factors of f?
5, 7
Suppose 0 = y + y. Suppose 0 = -2*i + 2*j + 22, 4*j - j - 12 = y. What are the prime factors of i?
3, 5
Let g(c) = 4*c**2 + 9*c - 3. Let p(f) = 3*f**2 + 8*f - 4. Let s(q) = 2*g(q) - 3*p(q). Let i = -6 + 1. List the prime factors of s(i).
11
Let h(i) = -i**2 + 8*i + 9. Let s be h(9). Suppose g - 5*z + 11 = 0, -4*g